isor of y and o?
18
Suppose 2*x - 5 + 3 = 0, 5*u + 5*x - 100 = 0. Let g(j) = j**3 - 18*j**2 - 18*j - 5. Let o be g(u). What is the highest common divisor of o and 14?
14
Let v(f) = 24*f + 141. Let c be v(17). What is the highest common divisor of c and 244?
61
Suppose 57 = 4*r + 665. Let c be 3/(-2)*r/12. Let i = 33 - c. What is the highest common factor of i and 84?
14
Let o be 40 - (2 - (-2 + 2)). Let n(f) = -f**2 - 10*f - 2. Let q be n(-10). Let j be q/(-12) - 7397/(-78). Calculate the highest common factor of o and j.
19
Suppose 134 - 336 = -3*f + 2*d, -5*f = 4*d - 344. Calculate the highest common divisor of f and 85.
17
Let s(v) = -v**2 - 26*v + 156. Let h be s(-24). Calculate the greatest common factor of h and 306.
102
Let t(g) = 18*g. Suppose -3*w + 4*d = -7, d = -2*w + 5*d + 2. Let q be t(w). Calculate the greatest common factor of q and 10.
10
Let a = -47 - -10. Let c = 40 + a. Calculate the highest common divisor of c and 33.
3
Let r = -54 + 59. Let v(u) be the first derivative of -u**2/2 + 11*u - 3. Let h be v(r). What is the highest common divisor of h and 12?
6
Let i = -365 + 940. Calculate the highest common divisor of i and 345.
115
Let x be 8/36 + 65/(-9). Let w be (-9)/(-6)*-2 + 8. Let l be 100*(-1 - x/w). Calculate the greatest common factor of l and 16.
8
Let x(o) = 2*o**2 - o - 3. Let m be x(2). Let n = 18 - m. Calculate the greatest common factor of n and 105.
15
Let j(v) = -5*v**3 + 3*v**2 + 3*v + 16. Let p be j(-3). Calculate the greatest common divisor of 13 and p.
13
Let p(v) = 55*v - 2317. Let m be p(43). Suppose 3*f - 48 = -f. What is the greatest common factor of f and m?
12
Let g = -104 - -118. What is the greatest common factor of g and 1274?
14
Let m(u) = 4*u**2 + 13*u - 21. Let v be m(2). Calculate the greatest common factor of v and 91.
7
Suppose 14*a = -3*a. Suppose 32 = 3*z - 4*n - 163, a = z - 3*n - 65. Calculate the greatest common divisor of 13 and z.
13
Let j be 24 + -8 - (-2)/2. What is the greatest common factor of 136 and j?
17
Let q be (-3)/(-6) + (-9)/(-6). Suppose q*v + 18 = 198. Calculate the greatest common divisor of v and 18.
18
Suppose 4*f - 110 = 34. Calculate the greatest common divisor of 288 and f.
36
Suppose l - 425 = -d - 365, 3*l - 12 = 0. What is the highest common factor of d and 24?
8
Suppose 2*p - 3 = 7. Let q be (1800/(-27))/20*(0 + -3). What is the highest common factor of q and p?
5
Let p be ((-12)/16)/(-3) - (-1150)/8. Suppose 0 = 8*g - 0*g - p. What is the highest common divisor of g and 126?
18
Suppose 1754 = -43*j + 12977. Calculate the highest common divisor of j and 9.
9
Suppose -9*u + 446 = -157. Calculate the highest common divisor of 67 and u.
67
Let u(w) = -w**3 + 11*w**2 + 16*w - 6. Let g be u(12). Suppose -g = -28*a + 25*a. Calculate the greatest common factor of a and 154.
14
Let b = 1336 - 690. Calculate the highest common divisor of b and 19.
19
Let s(c) = c**2 + 18*c + 2. Let h be s(-18). Calculate the highest common divisor of h and 6.
2
Suppose m + 6*c - 53 = c, 3*m + 2*c = 146. Calculate the highest common factor of m and 3.
3
Suppose 4*j - 11 = r - 0, 5*r - 8 = -j. Suppose 0 = 77*y - 70*y - 147. What is the highest common factor of j and y?
3
Let z = 0 - 3. Let p be 0/(z*3/9). Suppose p = 3*x - 0 - 6. Calculate the highest common factor of 12 and x.
2
Let y(v) = 7*v**2 - 4*v + 4 - 2*v**3 + 5*v**2 + v**3 - 6*v**2. Let o be y(5). What is the highest common divisor of o and 9?
9
Suppose 0 = -13*z + 1495 + 1378. Calculate the greatest common divisor of 117 and z.
13
Let v(a) = a + 1. Let i(f) = -f - 24. Let j(u) = -i(u) + v(u). Let p be j(0). What is the highest common divisor of 250 and p?
25
Suppose -5*w - 19 = -2*c, 12 = c - 4*w + 1. Let m = 55 + -49. Suppose -5*a - m = -c*a. What is the greatest common divisor of a and 15?
3
Suppose -17*p = 20*p - 11840. What is the highest common divisor of p and 20?
20
Let k(w) = -w**3 + 14*w**2 - 10*w + 16. Let u be k(13). Suppose 50*t + 400 = u*t. Calculate the greatest common factor of t and 20.
20
Suppose -p + 192 = 3*p. Suppose -5*m + 21 = -d, -221*m + 216*m - 5*d - 15 = 0. What is the highest common divisor of p and m?
3
Let g be (-16)/6*(470/(-20) + 1). Calculate the highest common factor of 12 and g.
12
Let q = -1155 - -1164. Let p(k) = k**2 - k - 3. Let s be ((-1)/(-2))/(1/6). Let d be p(s). Calculate the highest common factor of q and d.
3
Suppose 21*n - 4699 - 3071 = 0. Calculate the highest common factor of 10 and n.
10
Let c be (1 + -2 + 5)/2. Let o be -1 - 3/((-3)/35). Suppose -3*p - 4*x = -26, -3*x + 8 = -p + o. What is the greatest common factor of p and c?
2
Let v = 463 + 239. Calculate the highest common divisor of 54 and v.
54
Let p be 2/4*312/3. What is the highest common divisor of p and 117?
13
Let o(b) = -4*b + 20. Let v be o(9). Let j = v - -37. What is the greatest common divisor of j and 14?
7
Let f(p) = 7*p**2 - 2*p**2 + p**2 + p**2 + p**3 + 8*p + 6. Let c = 32 - 37. Let h be f(c). What is the highest common divisor of h and 144?
16
Let u be 6/(-45) - (-231)/45. Let i be (u + 0)*(-416)/(-40). What is the highest common factor of 13 and i?
13
Let k = -4439 - -4537. Suppose -4*n = -5 + 1. Let g be n + 0 + 16 + -3. What is the highest common factor of k and g?
14
Suppose -3*o - 5*w = -538, o - 6*o + w = -878. Calculate the highest common factor of o and 11.
11
Let g = 38 - 36. Let v be 19/(g*(-2)/(-36)). What is the greatest common factor of 19 and v?
19
Let w = 26 + -13. Calculate the greatest common factor of w and 13.
13
Let z = -1336 + 1366. Let s be 332 - 3/(-3)*-2. Calculate the highest common factor of z and s.
30
Let k be 10/4*(616/(-5))/(-14). Calculate the highest common factor of 198 and k.
22
Let w(i) = 2*i**2 + 7*i + 4. Let v be w(-6). Let y = -33 + v. What is the highest common divisor of 2 and y?
1
Suppose -o = 0, 2*g - o + 176 = 6*g. What is the greatest common factor of g and 1012?
44
Suppose -2*s - s + 128 = -f, 3*s - 132 = 3*f. What is the greatest common factor of s and 1428?
42
Let y(j) = -j**3 + 11*j**2 - 2*j + 2. Let i be y(10). Let h(z) = 4*z**2 - 2*z + 23. Let k be h(7). What is the greatest common divisor of i and k?
41
Let u(b) = 15*b - 51. Let k be u(4). Calculate the greatest common factor of k and 207.
9
Let n(z) = -3*z**3 + z - 3. Let g be n(-2). Let b = 19 - g. Let k be 2 - b - 14/(-7). Calculate the greatest common divisor of k and 28.
4
Let a = 10 - 6. Suppose -a - 41 = -5*v. Suppose 0 = -5*q + 20, -q = 3*s - 6*q - 61. Calculate the highest common divisor of v and s.
9
Let r(c) = c**2 + 7*c + 9. Let m be r(-6). Suppose -2*i + 20 + 11 = 3*z, -4*z - m*i + 43 = 0. Calculate the highest common factor of 28 and z.
7
Suppose 17*m - 12*m + 825 = 5*i, -5*m = -25. Calculate the greatest common divisor of 595 and i.
85
Let o(y) = -4*y**3 - 2*y**2 - 2. Let w = 11 + -13. Let t be o(w). Suppose 3*x - 2*x - t = 0. Calculate the greatest common divisor of x and 110.
22
Let p be 245/(-50)*-148 + 2/(-10). Calculate the highest common factor of 50 and p.
25
Suppose -2*o + 38 = o - 5*h, -5*h = 3*o + 2. Let q be (52/4)/(2*(-2)/(-4)). Suppose 106 = -q*m + 808. What is the highest common divisor of m and o?
6
Suppose 2 + 53 = z - 5*m, 0 = -4*z - 5*m + 320. Let k be 114/3*(-4)/8. Let v = z + k. What is the highest common divisor of 7 and v?
7
Let m = 241 - 216. What is the highest common divisor of 200 and m?
25
Let s(a) = 12*a**2 + 10*a - 28. Let y be s(2). Calculate the highest common factor of 680 and y.
40
Let l(f) = 7*f**2 - 122*f + 4. Let z be l(20). Calculate the highest common divisor of z and 273.
91
Let n = -8 + 142. Suppose -2*k + n = 2*c + k, -4*k = c - 72. Calculate the highest common factor of 16 and c.
16
Suppose 160*m - 156*m = 15700. Calculate the highest common factor of 157 and m.
157
Suppose -4*g - 4*d = -1884, g - 417 - 70 = 3*d. Suppose 6*w - w = g. What is the greatest common divisor of 38 and w?
19
Let d = -51 + 104. Let t = -39 + d. Calculate the highest common divisor of 126 and t.
14
Let t(g) = -18*g - 6. Let w be t(-5). Let r be (12/9 + -2)*-3. Suppose -r*o + 31 = 7. What is the greatest common factor of o and w?
12
Suppose -84 = 10*j - 12*j. Let v(s) = -s**3 + 10*s**2 + 13*s + 2. Let w be v(11). Let i = j - w. What is the highest common divisor of 45 and i